11.
10a
Convert 13713 (base 8) to base 6.
44111
What is 3044 (base 6) in base 16?
2a4
Convert -2644 (base 12) to base 14.
-1844
Convert -718 (base 14) to base 8.
-2562
-1783 (base 11) to base 13
-1057
-270 (base 14) to base 9
-604
What is 28 (base 11) in base 8?
36
-206 (base 14) to base 15
-1b8
9b7 (base 15) to base 3
10000101
What is 2b2 (base 15) in base 9?
755
Convert -12147 (base 9) to base 12.
-4867
Convert -13684 (base 10) to base 16.
-3574
232 (base 9) to base 16
bf
9446 (base 10) to base 15
2beb
Convert 3014102 (base 5) to base 13.
18b25
71b (base 15) to base 6
11225
Convert -591 (base 10) to base 15.
-296
What is -8a7 (base 12) in base 14?
-675
123 (base 10) to base 9
146
-15412 (base 7) to base 13
-1c75
Convert 11533 (base 9) to base 16.
1e2d
What is 5456 (base 7) in base 3?
2200022
Convert 2142 (base 7) to base 11.
636
Convert -51534 (base 7) to base 13.
-5988
255504 (base 6) to base 14
86c0
-2595 (base 16) to base 5
-301441
Convert 1010110001 (base 2) to base 14.
373
-6562 (base 14) to base 8
-42172
Convert -13320 (base 7) to base 11.
-2775
444304 (base 5) to base 9
23330
Convert 2571 (base 13) to base 6.
40403
10120033 (base 4) to base 2
100011000001111
What is 13323223 (base 4) in base 10?
32491
-12b7 (base 13) to base 7
-10554
Convert -465 (base 9) to base 11.
-319
What is 314 (base 6) in base 9?
141
Convert 1105 (base 9) to base 7.
2243
35254 (base 9) to base 16
5bf3
Convert -1 (base 2) to base 13.
-1
Convert -22220 (base 5) to base 8.
-3030
What is -211352 (base 7) in base 10?
-36542
-17a89 (base 12) to base 6
-423053
What is -1010200 (base 3) in base 2?
-1100111100
What is 25105 (base 6) in base 4?
322001
What is -15812 (base 12) in base 16?
-774e
Convert -1270 (base 10) to base 7.
-3463
Convert 1041 (base 7) to base 15.
19c
Convert -29 (base 15) to base 2.
-100111
a38 (base 11) to base 14
655
Convert -1011000011010110 (base 2) to base 7.
-245661
32016 (base 8) to base 6
141410
What is -171 (base 12) in base 5?
-1404
144032 (base 5) to base 15
1c47
-d74d (base 15) to base 3
-2022110001
What is -112341 (base 6) in base 13?
-4504
Convert -bd12 (base 15) to base 11.
-28115
Convert 19b2 (base 15) to base 16.
15bf
-5331 (base 6) to base 13
-71b
Convert 10100 (base 5) to base 16.
28a
73 (base 16) to base 12
97
What is 97a (base 13) in base 10?
1622
-3c2 (base 13) to base 10
-665
Convert -3877 (base 14) to base 5.
-304110
17572 (base 10) to base 7
102142
Convert 568 (base 11) to base 3.
221011
Convert 4760 (base 8) to base 11.
1a03
-110143 (base 5) to base 7
-14034
58 (base 11) to base 10
63
13662 (base 11) to base 9
28576
What is 30131 (base 4) in base 14?
40d
What is 2ae (base 15) in base 10?
614
1010101001110 (base 2) to base 5
133304
1769 (base 12) to base 14
1053
214634 (base 7) to base 3
1220201112
Convert 46231 (base 7) to base 12.
699a
What is -14693 (base 13) in base 4?
-21121103
1101100000 (base 2) to base 9
1160
What is -89c (base 16) in base 15?
-9be
Convert 53 (base 7) to base 3.
1102
What is -19683 (base 10) in base 8?
-46343
What is -621 (base 10) in base 3?
-212000
2eaa (base 16) to base 15
3816
What is c56 (base 13) in base 8?
4063
-111 (base 10) to base 5
-421
What is -8073 (base 13) in base 11?
-12304
Convert -776 (base 10) to base 15.
-36b
What is -774 (base 12) in base 10?
-1096
ca3 (base 14) to base 15
b15
Convert -100101010011100 (base 2) to base 3.
-222012102
What is -1301 (base 4) in base 16?
-71
Convert -4550 (base 7) to base 2.
-11001110100
What is 2e0d (base 15) in base 7?
40621
Convert -140044 (base 6) to base 12.
-7624
Convert -4a99 (base 12) to base 11.
-63aa
What is 41053 (base 6) in base 12?
3189
What is 1345 (base 9) in base 14?
525
What is -3221 (base 6) in base 10?
-733
354 (base 6) to base 7
262
-304 (base 16) to base 9
-1047
1202101 (base 4) to base 12
3781
Convert 2111212 (base 5) to base 12.
1843a
-1110 (base 7) to base 10
-399
What is 22033113 (base 4) in base 12?
20333
Convert -1e3 (base 15) to base 10.
-438
Convert -231 (base 13) to base 12.
-276
What is -412 (base 12) in base 2?
-1001001110
What is 2656 (base 12) in base 15?
1476
13711 (base 12) to base 15
7eb1
Convert 202010211 (base 3) to base 6.
151551
Convert 30049 (base 12) to base 10.
62265
Convert 20a (base 13) to base 10.
348
What is 3442 (base 5) in base 4?
13301
263 (base 11) to base 15
15b
11221202 (base 3) to base 6
24415
251150 (base 6) to base 7
122025
-1010110100010110 (base 2) to base 16
-ad16
100000 (base 5) to base 14
11d3
Convert 30 (base 7) to base 5.
41
What is 34638 (base 9) in base 8?
55120
Convert 37641 (base 9) to base 14.
931b
Convert 12102 (base 3) to base 13.
b3
2020001 (base 3) to base 10
1621
Convert -8974 (base 14) to base 2.
-101110100001010
What is 314 (base 13) in base 11?
437
Convert -2a1 (base 14) to base 15.
-258
What is 865 (base 10) in base 15?
3ca
What is -10011000000 (base 2) in base 9?
-1601
-11874 (base 10) to base 6
-130550
5b70 (base 12) to base 9
15123
2024 (base 7) to base 12
4a8
Convert 2b2b (base 14) to base 9.
11476
Convert -2221233 (base 4) to base 12.
-6353
What is 1266 (base 11) in base 8?
3155
Convert 358 (base 12) to base 7.
1313
1011011101001 (base 2) to base 3
22001020
-13324 (base 5) to base 16
-441
What is -121201112 (base 3) in base 14?
-462b
-13505 (base 6) to base 2
-100001010001
What is 872 (base 9) in base 4?
23021
What is -2201012201 (base 3) in base 7?
-311413
Convert 10200 (base 6) to base 14.
6da
What is 22140 (base 5) in base 8?
3011
Convert -729 (base 11) to base 6.
-4022
Convert -3537 (base 8) to base 16.
-75f
What is 6172 (base 12) in base 11?
7a65
Convert -4431 (base 5) to base 4.
-21220
Convert 1010221 (base 4) to base 13.
1ccc
What is 122111 (base 3) in base 11?
39a
-4421 (base 11) to base 2
-1011011000111
Convert 2207 (base 10) to base 9.
3022
Convert -987 (base 10) to base 14.
-507
Convert 1823 (base 9) to base 14.
71c
4e21 (base 15) to base 3
211212211
9672 (base 12) to base 6
204222
Convert 30417 (base 8) to base 5.
400214
Convert -1010101001001 (base 2) to base 11.
-4104
-6371 (base 10) to base 13
-2b91
What is 110110100100 (base 2) in base 7?
13116
What is -583 (base 9) in base 5?
-3410
Convert -18630 (base 11) to base 2.
-110010111000000
-18030 (base 9) to base 15
-3a30
What is -11105 (base 9) in base 3?
-101010012
Convert -2140 (base 10) to base 6.
-13524
105511 (base 7) to base 15
586a
What is 53a (base 12) in base 9?
1041
What is -535 (base 9) in base 14?
-233
Convert 30339 (base 11) to base 9.
66723
Convert 564 (base 11) to base 8.
1243
What is 27538 (base 11) in base 10?
39245
Convert 11a5b (base 12) to base 11.
17016
2012212201 (base 3) to base 13
16b3a
What is -104332 (base 7) in base 16?
-47ad
Convert -2982 (base 10) to base 4.
-232212
Convert 4fa (base 16) to base 15.
59e
524 (base 13) to base 4
31223
-10135 (base 6) to base 13
-803
-1c9 (base 15) to base 13
-25b
-130 (base 8) to base 9
-107
What is -11164 (base 7) in base 4?
-230113
-187c (base 13) to base 3
-12000021
15605 (base 8) to base 3
100122221
Convert -77040 (base 8) to base 4.
-13320200
Convert 1010122102 (base 3) to base 4.
11131010
What is -20003 (base 4) in base 5?
-4030
Convert -710 (base 8) to base 9.
-556
Convert -103640 (base 7) to base 2.
-100011011101110
What is 1223 (base 6) in base 13?
1a4
What is -207 (base 8) in base 5?
-1020
363 (base 15) to base 5
11033
What is 220300 (base 4) in base 6?
20024
What is 100232 (base 5) in base 3?
11101020
What is -3111 (base 10) in base 15?
-dc6
Convert 1437 (base 10) to base 16.
59d
152 (base 11) to base 16
b2
What is 518 (base 12) in base 11?
613
Convert -1420413 (base 5) to base 4.
-13030223
Convert -101002010 (base 3) to base 9.
-11063
3718 (base 16) to base 14
51d6
2010122 (base 3) to base 2
11000010100
What is 114431 (base 5) in base 12?
263a
332001 (base 4) to base 11
2a89
What is 142 (base 14) in base 11?
211
Convert -10011101100 (base 2) to base 5.
-20020
Convert 1a5 (base 14) to base 15.
17b
What is -1b17 (base 15) in base 4?
-1123300
44c (base 16) to base 3
1111202
4886 (base 13) to base 16
280a
What is a61 (base 12) in base 5?
22023
What is -11d (base 16) in base 7?
-555
What is 567 (base 10) in base 5?
4232
5491 (base 11) to base 13
33ab
-405333 (base 6) to base 2
-111111000111001
Convert 3388 (base 12) to base 2.
1011001011